7*q**2 + 2*q + 27. List the prime factors of u(19).
787
Suppose 2*u - 1223 = 2*g - 5*g, 2*g + 4*u = 826. What are the prime factors of g?
3, 5
List the prime factors of 1*6486/5 + (-2)/10.
1297
Let i be (-8019)/(-135) - (0 + (-3)/5). Suppose 61*m - i*m = 104. What are the prime factors of m?
2, 13
Let a = 18 - -521. What are the prime factors of a?
7, 11
Suppose -3*s = s - 4*n - 2272, 0 = -4*s - n + 2262. Let m = s - 388. List the prime factors of m.
2, 89
Suppose -4*p - 3*x + 203 + 590 = 0, -208 = -p - 4*x. What are the prime factors of p?
2, 7
Let u(x) = -4*x - 3. Let p be u(-3). Suppose 9*d = 16*d - 8*d. Suppose 6*t - p*t + 27 = d. List the prime factors of t.
3
Suppose -2*n + 5*j = -25, j + 28 = 7*n - 2*n. Suppose 0 = m - 0*m + n, 4*m = -x + 68. What are the prime factors of x?
2, 11
Let u(m) = 7*m**2 + 89*m + 24. What are the prime factors of u(-16)?
2, 7
Suppose 2*n = 4*u - 26, -5*u + 0 + 10 = 5*n. Let v(q) = -5*q**3 + 2*q**2 + q - 6. What are the prime factors of v(n)?
2, 3
List the prime factors of (-6)/16 - ((-101336)/64 - 6).
7, 227
Let a(u) = -u**2 + 4*u + 8. Suppose -i + 4 = -1. Let d be a(i). Suppose -2*n = -4*x - 21 - 9, 0 = d*n + 2*x - 85. What are the prime factors of n?
5
Let m be (-3)/(-12) + 195/(-12). Let j = 16 + m. Suppose 2*t = -j*t + 84. List the prime factors of t.
2, 3, 7
Let d = -16 - -7. Let j be (-11)/2*4/2. Let r = d - j. What are the prime factors of r?
2
Let z = 19 - 0. Suppose -3 = p - z. What are the prime factors of p?
2
Suppose 13*u + 36 = 4*u. Let b(d) = d**2 - 5*d + 1. Let k be b(6). Let y = k - u. List the prime factors of y.
11
Let l(s) = -7*s + 41. Suppose 0 = -4*y + 5*c - 13, -2*c + 23 = -2*y - 5*c. List the prime factors of l(y).
2, 3, 5
Suppose 10*d - 2800 = -30*d. What are the prime factors of d?
2, 5, 7
Let s(f) = -f**3 + 17*f**2 - 32*f + 58. List the prime factors of s(12).
2, 197
Let w(z) = -19*z + 56. List the prime factors of w(-34).
2, 3, 13
Let k = 9 + -5. Let l(i) = i**3 - 2*i**2 + 4*i + 2. What are the prime factors of l(k)?
2, 5
Let o(n) = -n**3 + 16*n**2 - 30*n - 42. What are the prime factors of o(11)?
233
Let l = -43 - -55. Suppose l*t - 37 = 11*t. List the prime factors of t.
37
Suppose -2*x - 3*x = 0, -2 = -c - 3*x. Suppose -3*t + 5*o = -46, -c*t + 48 = 2*t - 4*o. What are the prime factors of 24/t*(-4 + 11)?
2, 3
Let m(w) = w**3 + 4*w**2 - 2*w + 1. Let c be m(-4). Suppose 306 = c*x - 3*x. List the prime factors of x.
3, 17
Suppose -2 = 3*p + 1, -4*t + 2*p + 542 = 0. List the prime factors of t.
3, 5
List the prime factors of 15/2*-1*592/(-20).
2, 3, 37
Let v(g) be the first derivative of -g**3/3 + 5*g**2 - 6*g - 5. List the prime factors of v(6).
2, 3
Let l = -37 + 23. Let x(q) = q**3 + 13*q**2 - 13*q + 4. Let m be x(l). Let h(y) = -3*y - 9. List the prime factors of h(m).
3, 7
Let n = 8 + -26. Let x = 30 + n. What are the prime factors of x?
2, 3
Suppose -2*p + u + 9 = -2*u, -5*p - 6 = 2*u. Suppose -2*v - 4*b - 23 = -3*v, 3*v + 5*b - 1 = p. Let a(r) = -r**2 + 8*r + 8. List the prime factors of a(v).
3, 5
Suppose -3*v + 18 = -63. Let u(w) = -15*w**2 - w. Let c be u(1). Let h = v + c. List the prime factors of h.
11
Let y = -48 - -54. List the prime factors of (-1 - -1) + (42 - y).
2, 3
Let x = -56 + 64. Suppose x*z + 5*z = 1612. What are the prime factors of z?
2, 31
Let o(c) = 2*c - 11. Let m(x) = 2*x - 10. Let z(u) = -3*m(u) + 2*o(u). Suppose 2*t + 3 = 3*t - 2*p, 4*t + 5*p = -53. What are the prime factors of z(t)?
2, 11
Suppose 0 = 3*w + 5*s - 477, -2*w + 318 = s - 0*s. What are the prime factors of w?
3, 53
Let u(x) = -199*x + 40. What are the prime factors of u(-6)?
2, 617
Let f(o) be the second derivative of -o**5/20 + o**4 - 10*o**3/3 + 3*o**2/2 - 20*o. What are the prime factors of f(10)?
3
Suppose 6*a = -a + 903. What are the prime factors of a?
3, 43
Let k(b) be the first derivative of -3*b**2 + 3*b - 36. List the prime factors of k(-8).
3, 17
Let z(i) be the second derivative of -i**5/20 - 7*i**4/6 + 7*i**3/2 - 21*i**2/2 + 16*i. List the prime factors of z(-16).
5, 31
Let s(x) = -231*x**3 - 47*x - 129. List the prime factors of s(-3).
3, 2083
Let n = 4337 + -1744. What are the prime factors of n?
2593
Let p(k) be the third derivative of k**5/30 + 5*k**4/6 - 2*k**3 + 6*k**2. What are the prime factors of p(-14)?
2, 5
Suppose -5*b + 15 = 0, -k - 5*b - 234 = -2*k. What are the prime factors of k?
3, 83
Suppose 10856 = 4*q - 3180. What are the prime factors of q?
11, 29
Suppose 5*h + 5 = -25. Let l be 12/10*(-40)/h. List the prime factors of (l/(-3))/(-4)*15.
2, 5
Let k be 3/((-12)/(-188)) + 1. Let m = k - 24. Suppose 4*u - n - m = 2*n, 24 = 4*u - 2*n. List the prime factors of u.
2, 3
Let p be (-14)/(-42)*1*33. Suppose -27 = -4*t - p. Let d = 16 + t. List the prime factors of d.
2, 5
Let x(v) = -278*v - 751. List the prime factors of x(-7).
5, 239
Let h = -110 - -190. Let l = h - 28. List the prime factors of l.
2, 13
Suppose 2679 + 786 = 5*y - 3*a, -a = 0. List the prime factors of y.
3, 7, 11
Suppose -22*x = -25*x + 2697. List the prime factors of x.
29, 31
Let f(j) = -3*j + 7. Let d be f(2). List the prime factors of (1 - -150) + (-2 + d)*3.
2, 37
Suppose -a = -2*q - 400, 1169 = 5*a + q - 875. What are the prime factors of a?
2, 3, 17
Let b(m) = 8*m**2 - 49*m + 14. List the prime factors of b(19).
3, 73
Let t(j) be the first derivative of -9/2*j**2 + 1 + 10*j + 1/3*j**3. List the prime factors of t(9).
2, 5
Let i be ((-27)/4)/((-6)/16). Let k be i/(-8)*(-88)/(-3). List the prime factors of k/(-3) + 2/2.
23
Suppose 1 + 17 = -3*x. Let t(h) = -h**2 - 8*h - 9. Let j be t(x). Suppose -s = -j*s + 18. List the prime factors of s.
3
Let m(t) = 3. Let o(c) = -17*c. Let i(h) = -6*m(h) - 3*o(h). What are the prime factors of i(4)?
2, 3, 31
Suppose 18 = 5*u - 2. Suppose -5*n + 783 = u*y, -2*n + 333 = -3*y - 2*y. List the prime factors of n.
3, 53
Suppose -17*l + 8730 = -13*l - 5*b, -2*l = -b - 4368. List the prime factors of l.
5, 19, 23
Suppose -1206 = -4*v + m, 1492 - 294 = 4*v + 3*m. Let f = -203 + v. What are the prime factors of f?
2, 7
Suppose -6*c = -10*c + 308. Suppose s - c = -4. What are the prime factors of s?
73
Let x be (-11 + 1)*(-4)/10. Let b(g) = 0*g**2 - x*g - 2 + g**2 + g**3 - 4*g**2. What are the prime factors of b(5)?
2, 7
Let i(y) = -y**3 - y**2 - y + 7. Let o be i(0). Let r be (0 - -2)*(-9)/(-2). Let g = r - o. List the prime factors of g.
2
Suppose t + 8387 = 30*d - 26*d, 2*t - 6282 = -3*d. What are the prime factors of d?
2, 131
Let c(n) = 2*n**2 - 36*n + 401. List the prime factors of c(20).
13, 37
Let s = -510 + 730. List the prime factors of s.
2, 5, 11
Let p(r) = r + 10 + 0*r - r - r. Let z be p(-8). Suppose 0 = 5*y - 2*n - 212, -y - 2*n + 34 + z = 0. What are the prime factors of y?
2, 11
Let m be 4/(-20) - ((-32)/(-5))/(-2). List the prime factors of m - (0 - 2) - -114.
7, 17
Let o(r) = -2*r + 13. Let i be (19 - -5)/(-6) + (1 - 1). What are the prime factors of o(i)?
3, 7
Let j = 914 + -594. What are the prime factors of j?
2, 5
Suppose 4*i - 2*h = 2*h - 704, -i = 5*h + 164. Let w = -44 - i. What are the prime factors of w?
2, 5, 13
Suppose 3 = -w - 2*w. Let l be w*(10/(-2) - -2). Let y(d) = 3*d - 1. What are the prime factors of y(l)?
2
Suppose 2*f - f - 5 = 0. Let c be 3*7*(5 + f). Suppose 5*t + 0*t = c. List the prime factors of t.
2, 3, 7
Let t(i) = 61*i**3 + i**2 + 8*i - 9. What are the prime factors of t(2)?
499
Let o(a) = -18*a + 20. Let c be o(-6). Suppose 3*d = -4*v + 88, -4*d + c = d + 2*v. List the prime factors of d.
2, 3
Let m(v) = 317*v - 56. What are the prime factors of m(2)?
2, 17
Suppose -h - 7 = -8*h. Let i(b) = 53*b**3 + b**2 - 2*b + 1. List the prime factors of i(h).
53
Let k(w) = 4*w**3 + 3*w**2 + 3*w + 5. Let q be k(-2). Let j = 115 + q. What are the prime factors of j?
2, 47
Let a(m) = m**3 - 14*m**2 - 15*m. Let h be a(15). Suppose 5*p - 151 = -3*j, 2*p + 3*j - 55 = -h*j. List the prime factors of p.
2
Let h = -3183 - -5411. List the prime factors of h.
2, 557
Let u(m) = -8*m**3 + m**2 + 8. Let a(b) = b**2 + 1. Let w(c) = -5*a(c) + u(c). List the prime factors of w(-2).
3, 17
Suppose 5*k + 871 - 7845 = -2*m, -3*k - 5*m + 4173 = 0. What are the prime factors of k?
2, 349
Let i(l) = 16*l - 3. Let u be i(3). Suppose 0 = -o + 4 + 